z).
-1
Let k(h) be the first derivative of -h**7/840 + h**6/72 - h**5/30 + 2*h**3/3 - 53*h - 18. Let m(x) be the third derivative of k(x). Calculate m(4).
0
Suppose -2*c = 3*h - 24, -5*c - 235*h + 55 = -230*h. Let a(y) = y**3 - 31*y**2 + 197*y + 11. Determine a(c).
2
Let u be ((-1728)/(-56))/4 + (-4)/(-14) + -5. Let y(j) = 2*j**3 - 2*j**2 - 3*j + 3. Let d be y(2). Let p(g) = d - 3*g - 1 + 0. What is p(u)?
-5
Suppose -31*i = 27 + 4. Let k be (-5 - -13)*i/8. Let a(m) = 6*m**3 - 2*m**2 - 2*m - 1. Give a(k).
-7
Let q(b) = b + 34. Let f be q(-9). Suppose 0 = -2*l + 3*c + 30, -5*l + 8 = 3*c - f. Let r(o) = -o + 1. What is r(l)?
-8
Let h(d) = d - 3. Let v be h(7). Suppose -5*s = t - 4*t - 16, -2*s + 22 = v*t. Let x(z) = 6 - 3*z + 2*z + 5*z - s. Calculate x(1).
5
Suppose 22 = 13018*u - 13029*u. Let a(k) = -51*k. Give a(u).
102
Let g(h) = 1. Let n(m) = -3. Let w(b) = -17*g(b) - 6*n(b). Let p(s) = -s - 3. Let z(c) = -2*p(c) - 5*w(c). Let v = 426 + -429. Give z(v).
-5
Suppose -6*w - 3 = -7*w. Let k(h) = 0*h**2 - 2*h**2 - 1 + w*h**2 + h. Suppose 3*i = -2*t, 3*i - 6*i = -t. Calculate k(i).
-1
Let f = 17 - 21. Let p(h) = -h**2 + 2. Let w(u) = -u**2 - 1. Let m(k) = f*w(k) - p(k). Let z(n) = -11*n**2 - 4. Let y(a) = -13*m(a) - 6*z(a). Determine y(-3).
7
Suppose 0 = -5*d + 5, -d + 74 = -5*k + 38. Let u(g) = 8*g + 34. Determine u(k).
-22
Let s(p) = -p**3 - 2*p**2 - 2*p - 3. Let d(h) = 7*h**3 + 24*h**2 + 21*h + 23. Let o(m) = d(m) + 6*s(m). Give o(-11).
27
Let a(k) = 10 + 2 - 15 + k**2 + 13*k. Determine a(-8).
-43
Let m be 0 - (4/48*-6 + 15/(-2)). Let j(r) = 2*r**3 - 14*r**2 - 14*r + 8. Determine j(m).
24
Let d(s) = s - 1. Let n(b) = -7*b + 8. Let c(h) = -6*d(h) - n(h). Let m be c(-5). Let x(l) = -2 - 164*l + l**2 + 173*l + 8. Give x(m).
-8
Suppose 3*h - q - 3*q + 380 = 0, -3*q = -3*h - 375. Let w be (h/(-25))/((-9)/(-300)). Let o(i) = 2*i + i + w - 162. Give o(3).
7
Let m be (22 - 26)*(45/12 - 1). Let d = -18 - m. Let t(r) be the first derivative of r**3/3 + 7*r**2/2 - 8*r + 1. Calculate t(d).
-8
Let w(u) = -57*u - 200. Let p(c) = 65*c + 216. Let k(h) = 4*p(h) + 5*w(h). Calculate k(-6).
14
Suppose 0 = -3*n - q + 5, 2*n + 3 = -2*q + 5. Suppose -4*v = -n*c + 8, 3*c = 3*v - 2 + 11. Let d(h) = 3*h**2 + 3*h + 1. Give d(v).
1
Let j(p) be the first derivative of p**3/3 + 15*p**2/2 + 21*p + 456. What is j(-14)?
7
Let d(y) be the first derivative of 10*y**3/3 + y**2/2 - 7. Let l be (-4)/22 - (-1200)/66. Suppose 3*f = 3*c - 0*c + l, -20 = -4*f. Determine d(c).
9
Let v(y) = 9*y + 47. Suppose -4*l = -5*a + 16, -l - 88*a - 4 = -91*a. Calculate v(l).
11
Let q be (4*(0 + 1))/(4/8). Let w be (30/(-48))/(2/q)*-2. Let d(u) = -w + 252*u + 1 - 250*u. Determine d(-5).
-14
Let b(n) be the first derivative of -n**3/6 - 4*n**2 - 132*n - 121. Let d(p) be the first derivative of b(p). Give d(0).
-8
Let n(o) be the first derivative of -o**5/120 + o**4/24 - 29*o**3/3 - 3*o**2/2 - 28. Let w(m) be the third derivative of n(m). Determine w(3).
-2
Suppose 16 = 4*k + 2*h, 0*k + 3*k - h = 2. Let w(l) = -4*l + 556*l**2 - 3 - l**3 - 553*l**2 + k*l**3. What is w(-3)?
9
Let a(v) = 8*v**3 - 1. Let u(c) = -c**3 + 6*c**2 + 3*c - 6. Let p be u(5). Suppose 12*s + 29 - 143 = 282. Let n = s - p. Give a(n).
-9
Let c(m) = -4*m - 5. Let h = -33 - -50. Suppose 14*z = h*z - 15. What is c(z)?
-25
Let t(g) = -18*g**2 - 48*g + 13. Let j(u) = -23*u**2 - 50*u + 12. Let x(z) = 4*j(z) - 5*t(z). Calculate x(19).
21
Let w = 139 + -81. Let b(o) = 34*o**2 + 101*o - 44*o - w*o. Determine b(-1).
35
Let r(t) = -t. Let y be (-18)/(-24)*(47 + 1). Let m = y - 30. Let g be (m/4)/((-3)/8). Calculate r(g).
4
Let u(o) = -o + 3. Let f be ((-1)/(-2) - 1)*368/(-4). Let c = f - 28. Suppose 13*z - c*z = 40. Give u(z).
11
Let o(p) = 6 - p**3 - 5*p**2 + 7*p + 3*p - 6*p - 7*p. Let q(y) = 3*y**3 + 16*y**2 + 10*y - 16. Let c(n) = 8*o(n) + 3*q(n). What is c(-7)?
7
Let n be 18/2 - (-9 + 9). Let b(i) = -5*i + 7. Give b(n).
-38
Let u(y) = -y**2 + 16*y - 53. Let l be u(11). Let j(w) = -6*w**2 - 3*w**3 - 10*w**2 + 2*w**3 - 5 + 9*w**l - 6*w. Calculate j(-6).
-5
Let m(l) = 4*l**2 + 72*l - 45. Let g(n) = 2*n**2 + 31*n - 23. Let v(o) = -7*g(o) + 3*m(o). Give v(8).
-110
Let o = -348 - -363. Suppose 2*u - 9 = i, 6*i - 9*i + o = 0. Let w(n) = n**2 - 10*n + 3. Give w(u).
-18
Let j(x) = 9*x**3 + 14*x - 19. Let q(w) = 8*w**3 + 13*w - 18. Let s(p) = -9*j(p) + 10*q(p). Determine s(2).
-9
Let i(t) = -t**2 + 8*t - 7. Let q(z) = z**2 - 31*z + 63. Suppose -d = -29 - 0. Let c be q(d). Give i(c).
8
Let b(j) be the third derivative of j**4/24 - 8*j**3/3 + 4*j**2. Let l = -17282 - -17297. Calculate b(l).
-1
Let l(c) be the second derivative of -1/6*c**3 - 19*c - c**2 + 0. Determine l(6).
-8
Let b(r) = 4*r**3 + r**2 - r + 1. Let v = 41 + 46. Let t = -86 + v. Determine b(t).
5
Let a = -170 + 174. Let c(q) = -19*q - 1 + 35*q - 15*q + a*q**3 - 3*q**3. Determine c(0).
-1
Let f(u) = -u**2 - 7*u + 8. Let v = -64 + 63. Let s(n) = -34*n**3 + 3*n**2 + 4*n + 2. Let m be s(v). Suppose m*i - 7 = 36*i. Determine f(i).
8
Let o(b) = b**2 + b - 18. Suppose 5 = -5*i, -3*i + 17 = 2*a - 8*i. Let p(x) = x - 6. Let u be p(a). Give o(u).
-18
Let l(d) be the first derivative of d**3/3 + 7*d**2 - 77*d - 575. Calculate l(-18).
-5
Suppose -3*j = -2*h + 17 + 1, -24 = -3*h + 3*j. Let d(t) = -4 - h + 14 + t**2 - 9 - 4*t. Determine d(6).
7
Let f(x) = -x**2 + 5*x + 16. Let n be f(7). Let g(i) = 2*i + 121*i**2 - i - 1 - 120*i**n. What is g(-2)?
1
Let b(g) = -g**3 - 7*g**2 + 2*g + 8. Let u be (108/(-30) + 5)*10/2. Let v(a) = 3*a**2 - 20*a + u*a - 55 - 2*a**2. Let y be v(16). What is b(y)?
-6
Suppose -4*o = -5*n + 20, -3*n + 13 = -4*o + 1. Suppose -8*l - 24*l - 96 = o. Let f(r) = r**3 + 3*r**2 + r - 2. What is f(l)?
-5
Let s(f) = -3*f - 29. Suppose 0 = -4*m - y - 54, -291*m + 286*m = 5*y + 60. What is s(m)?
13
Suppose 4*w + l - 48 = 0, w = -16*l + 19*l + 25. Let o(p) = p**3 - 13*p**2 - 4*p + 56. Give o(w).
4
Let h = -13 - -19. Let m(k) = -1. Let y(s) = 3*s + 6. Let q(i) = h*m(i) + y(i). Give q(1).
3
Let b(t) = -45*t**2 - 13*t - 143. Let j(u) = -16*u**2 - 5*u - 48. Let w(p) = -6*b(p) + 17*j(p). Give w(-7).
-7
Let o(m) = 22*m + 7. Let r be o(-2). Let s = r - -39. Suppose 2*x + 24 = -3*x - 2*i, -s*x + 5*i = -2. Let w(z) = -z**3 - 3*z**2 + 3*z - 1. Calculate w(x).
3
Let o be -9 - -11 - 4/2. Suppose o = -7*s - 76 - 106. Let m = 31 + s. Let u(y) = -2*y + 2. Give u(m).
-8
Let c(z) = z**3 - 4*z**2 - 5*z + 7. Let m(a) = 2*a - 2. Let d be m(9). Suppose d*g + 30 = 22*g. Calculate c(g).
7
Let j = -797/180 - -40/9. Let a(x) be the third derivative of -1/6*x**3 - 5*x**2 + j*x**5 + 0*x - 1/24*x**4 + 0. Give a(0).
-1
Let k(q) = -q**3 + 2*q**2 + 73*q - 8. Let v(m) = -11*m - 1. Let f(a) = -k(a) - 6*v(a). What is f(3)?
2
Let y(p) be the second derivative of -p**5/20 - 4*p**4/3 - 8*p**3/3 + p**2 + 1489*p. Give y(-15).
17
Let g be -8 + (4 - -7) + (-4 - (-1 - -10)). Let s(n) = -n**3 - 8*n**2 + 12*n - 20. Give s(g).
60
Let g(q) = 18*q**3 + q - 6. Let h(l) = -19*l**3 - l + 7. Let b(m) = -6*g(m) - 5*h(m). Let x(s) = 2*s**3 - 4*s**2 - 393*s - 38. Let n be x(-13). What is b(n)?
-13
Let y(h) = h**3 + 6*h**2 - 3*h + 1. Let i be (224/(-21))/(-8)*1737/(-6). Let k = i + 380. What is y(k)?
19
Let r(q) = -2*q**3 - 40*q**2 + q**3 + 132*q**2 - 10 + 7*q - 41*q**2 - 43*q**2. What is r(9)?
-28
Let f(m) be the first derivative of 3*m**2/2 - 14*m + 2116. Calculate f(-3).
-23
Let y(g) = -8*g**2 + 61*g - 9. Let b(r) = 7*r**2 - 57*r + 8. Let o(m) = -7*b(m) - 6*y(m). Calculate o(33).
-2
Let t(d) = -47 - 41*d + 40*d + 72. Determine t(20).
5
Let b = -1 + 1. Let a(w) = -31 + w + 124 - 82. Determine a(b).
11
Let r(z) be the third derivative of -5/12*z**4 + 1/6*z**3 - 261*z**2 + 0*z + 0. Give r(4).
-39
Let o = 3889 - 3892. Let u(z) = 10*z**2 + 4*z + 2. Determine u(o).
80
Let c be 561/18 - (-5)/6. Let q(o) = 3*o**2 - c - o**3 - 3*o + 0*o + 28 + 4*o. Calculate q(3).
-1
Let p(t) = 13*t + 9*t**2 - t**3 - 3 - 2*t**2 - 3*t**2. Let f be p(6). Let b(j) = 6*j + 6 - 1 + 2 - 2 - j**f - 5*j**2. Determine b(-6).
5
Let l(m) be the second derivative of m**4/6 + 11*m**3/2 + 10*m**2 + 2*m + 2. What is l(-16)?
4
Let z(s) be the first derivative of -2*s**3/3 - 5*s**2 + 67*s + 641. Calculate z(-9).
-5
Suppose -133*a = -121*a + 12. Let h(d) = -18*d**3 - d**2 - d - 